r of 18421 and 49?
1
What is the greatest common factor of 35 and 2457805?
35
Calculate the highest common factor of 966 and 1606113.
69
What is the greatest common factor of 13770 and 84960?
90
What is the greatest common divisor of 295 and 11622764?
59
Calculate the greatest common factor of 863786 and 7513.
11
What is the greatest common factor of 249888 and 7866?
114
What is the highest common divisor of 36608054 and 10094?
1442
Calculate the highest common divisor of 13856 and 6377657.
433
Calculate the highest common factor of 51559906 and 112426.
1678
What is the highest common divisor of 416279 and 561?
17
What is the highest common factor of 95586 and 916122?
1074
Calculate the greatest common divisor of 508 and 12333478.
254
Calculate the greatest common divisor of 22177448 and 104.
8
Calculate the highest common factor of 16315 and 37939905.
1255
What is the highest common divisor of 32 and 47235404?
4
What is the highest common factor of 13169048 and 8556?
124
Calculate the greatest common factor of 720236 and 132.
44
What is the highest common factor of 56 and 175708?
4
What is the highest common divisor of 5945 and 7228685?
145
Calculate the highest common factor of 283691 and 335438.
367
What is the greatest common factor of 23899224 and 30?
6
What is the greatest common factor of 9 and 242065125?
9
What is the highest common divisor of 33420960 and 1860?
60
Calculate the greatest common factor of 122080 and 287140.
140
What is the greatest common factor of 300 and 8789325?
75
What is the greatest common divisor of 48086 and 94?
2
Calculate the greatest common factor of 15852 and 1857552.
12
Calculate the highest common factor of 21478422 and 126.
42
Calculate the greatest common factor of 6346 and 129926.
334
Calculate the highest common divisor of 333 and 302734.
37
What is the highest common divisor of 231953838 and 1146?
1146
Calculate the highest common factor of 1996624 and 336.
112
What is the highest common factor of 467215 and 38885?
35
Calculate the highest common factor of 655 and 230758596.
131
What is the highest common divisor of 100450 and 3772?
82
What is the highest common divisor of 4917961 and 1789?
1789
Calculate the greatest common divisor of 506055 and 48411.
33
What is the highest common divisor of 611710736 and 1378?
1378
Calculate the highest common divisor of 312232 and 218829.
31
Calculate the greatest common factor of 3082218 and 1938.
114
What is the greatest common divisor of 15 and 35388765?
15
What is the highest common factor of 253415463 and 53487?
5943
What is the greatest common divisor of 274425977 and 15183?
1687
Calculate the greatest common divisor of 681186 and 11748.
66
Calculate the greatest common factor of 409820684 and 5210.
1042
Calculate the highest common factor of 27173 and 953866.
937
What is the greatest common factor of 178696 and 424?
8
What is the greatest common divisor of 49530 and 91430?
10
What is the greatest common factor of 455655 and 23865?
555
Calculate the highest common divisor of 53186832 and 792.
72
What is the greatest common divisor of 2120422 and 638?
58
What is the highest common factor of 1345087 and 10865?
2173
What is the greatest common factor of 3807 and 312579?
81
What is the greatest common divisor of 13544544 and 1664?
416
Calculate the greatest common factor of 10716 and 244931147.
893
Calculate the greatest common factor of 1829705 and 55.
5
Calculate the greatest common factor of 2940 and 851795.
35
What is the greatest common factor of 463137 and 179703?
1461
What is the greatest common factor of 21 and 3684624?
3
What is the highest common divisor of 3635 and 416840717?
727
Calculate the greatest common divisor of 3536978 and 185.
37
Calculate the greatest common factor of 298 and 345226444.
298
What is the greatest common divisor of 3585287895 and 42?
21
What is the greatest common factor of 515 and 8969755?
515
Calculate the greatest common factor of 732780 and 36018.
1242
Calculate the highest common factor of 150747 and 13407.
327
Calculate the greatest common divisor of 5610 and 11912325.
255
Calculate the highest common factor of 623520 and 800.
160
Calculate the highest common divisor of 879586 and 1026.
38
Calculate the highest common factor of 352992 and 148.
4
What is the highest common factor of 128690 and 1070?
10
What is the greatest common divisor of 279207 and 65876?
383
What is the greatest common divisor of 28632 and 2424?
24
What is the greatest common divisor of 473 and 5404842?
43
Calculate the greatest common divisor of 85527222 and 22.
22
What is the highest common divisor of 463275 and 204975?
225
What is the greatest common factor of 30 and 228990?
30
What is the greatest common factor of 324688 and 148512?
1456
What is the greatest common divisor of 289934 and 16?
2
What is the greatest common divisor of 7473024 and 707616?
3744
What is the highest common factor of 5833176 and 4176?
696
What is the greatest common factor of 28832001 and 363?
363
What is the highest common divisor of 309176 and 112?
56
What is the greatest common divisor of 1130 and 1343270?
10
Calculate the greatest common divisor of 2289 and 15925.
7
What is the highest common factor of 246 and 25368258?
246
Calculate the highest common divisor of 25712479 and 91.
13
What is the highest common factor of 407 and 3165327?
11
What is the greatest common factor of 1299336 and 30?
6
Calculate the greatest common factor of 13544 and 335820.
4
Calculate the highest common divisor of 21407434 and 3358.
46
Calculate the highest common divisor of 22082690 and 490.
70
Calculate the greatest common factor of 830159 and 9034982.
5093
Calculate the greatest common factor of 388012318 and 302.
302
Calculate the highest common factor of 405 and 5809.
1
Calculate the highest common divisor of 42 and 5782742.
14
What is the highest common divisor of 18954266 and 29152?
1822
What is the highest common factor of 23731168 and 32?
32
Calculate the highest common factor of 12 and 734732436.
12
What is the highest common divisor of 56 and 8293117?
7
Calculate the highest common factor of 2303 and 3356129.
329
Calculate the greatest common factor of 339609578 and 616.
154
Calculate the greatest common factor of 2330069 and 254.
127
What is the greatest common factor of 511146 and 5256?
1314
What is the greatest common divisor of 142817 and 5035451?
4607
What is the highest common divisor of 213 and 721464441?
213
What is the highest common factor of 47488126 and 2814?
938
What is the highest common divisor of 16 and 128326656?
16
Calculate the highest common factor of 3611484 and 66.
6
What is the highest common divisor of 957679938 and 3383?
3383
What is the highest common factor of 66 and 1083?
3
What is the greatest common factor of 12985 and 999355?
245
Calculate the highest common divisor of 2162493 and 4338.
2169
What is the highest common factor of 28474 and 9959?
23
Calculate the greatest common divisor of 12855 and 7497036.
2571
Calculate the highest common factor of 287034 and 572.
22
What is the highest common factor of 41018558 and 6445?
1289
Calculate the greatest common divisor of 1418552 and 40.
8
Calculate the highest common divisor of 351 and 174769569.
351
What is the highest common factor of 123586582 and 14?
14
Calculate the highest common factor of 622377710 and 20.
10
Calculate the greatest common factor of 48 and 4305800.
8
Calculate the greatest common divisor of 483 and 834693.
69
What is the greatest common divisor of 61983 and 1004823?
873
What is the greatest common factor of 119387 and 1244284?
277
What is the highest common factor of 229266 and 193494?
1626
What is the highest common divisor of 400 and 11247800?
200
What is the highest common factor of 2617507 and 95353?
1343
What is the greatest common divisor of 47838 and 45955434?
2814
Calculate the greatest common factor of 3498 and 19782939.
1749
Calculate the highest common divisor of 683196 and 338052.
2364
Calculate the greatest common factor of 144 and 37266660.
36
Calculate the highest common factor of 158475 and 1725.
75
Calculate the greatest common divisor of 452 and 66104.
4
Calculate the highest common divisor of 13923949 and 39.
13
What is the greatest common divisor of 175008 